1).
2
Calculate 1 + (0 - 0) - -4.
5
What is the value of (2 - 2) + 1 + -3?
-2
Calculate (2 - -19) + -8 + -7.
6
Calculate 31 + -29 - (3 - 8).
7
Calculate -3 - (-3 - (-3 + -1)).
-4
Evaluate (-4 - 2) + 7 - 1.
0
Evaluate 17 + -17 - (-1 + (0 - 0)).
1
What is 4 - ((0 - 3) + 44 + -33)?
-4
Calculate 0 + -4 + (-26 - -23) + 6.
-1
What is the value of 0 + -1 - -6 - (-33 + 31)?
7
What is the value of 8 - 1 - (5 - (-2 + 3))?
3
Calculate 3 + (-4 - -2) + (-3 - 3).
-5
Evaluate 4 + 1 + (-1 - (10 - 8)).
2
Evaluate -4 - ((0 - (-5 + 14)) + 3).
2
Evaluate 4 - 11 - -12 - 4.
1
Calculate 6 + -8 + 5 - (2 - -1).
0
Calculate (10 - 3) + -5 + -1.
1
Calculate -4 + (-12 - -8 - -5).
-3
What is -27 + 27 - ((-2 - -1) + -2)?
3
Calculate 1 - (2 + 3 + 1) - -4.
-1
(-29 - -29) + 3 + (1 - 3)
1
Calculate (-23 - -23) + -6 + 2.
-4
What is 1 - (-2 + 2 + -5)?
6
-3 + (4 - -1 - (1 + -4))
5
What is 11 + -5 + (6 - (-7 - -15))?
4
What is (-1 + 0 - 3) + (8 - 4)?
0
Calculate (5 - (5 + -5) - -8) + -8.
5
What is the value of 1 + -10 - -1 - -3?
-5
Evaluate 9 + 2 + (8 - 2 - 12).
5
(54 - 65) + (0 - -10)
-1
What is -41 - -5 - -15 - -11?
-10
What is -5 - (-8 + -8) - 5?
6
What is (-1 - -8) + (-6 - -2)?
3
What is the value of (3 - 4) + (-1 - (2 + -2))?
-2
Calculate 6 + 0 + -1 - 2.
3
Evaluate 1 - (4 + -2 - 4).
3
5 - (-6 + 2 - (-11 + 0))
-2
Evaluate -2 + -4 + 6 - (12 - 4).
-8
Evaluate -7 + (2 - (1 + -4)) + -1.
-3
Calculate 0 + 0 - (-10 + (25 - 14)).
-1
Calculate -13 + 8 + 21 - 10.
6
Evaluate (-2 + -2 - (8 + -17)) + -2.
3
What is the value of 5 + (-4 - -4) - (3 + -2)?
4
Calculate 1 - 1 - -2 - (24 + -19).
-3
2 + -6 + 6 + (1 - 3)
0
What is the value of (0 + 7 - 3) + -3 - 1?
0
What is 0 + -3 + (-11 - (-3 + -8))?
-3
(-1 + -4 + 3 - 1) + 0
-3
-6 - (-3 - (2 - 3))
-4
0 - 2 - (-10 + 7) - -3
4
Calculate -4 - (-4 + 0 - -5).
-5
Evaluate -6 - (5 - (8 - 8 - -20)).
9
-9 - -11 - (6 - 14)
10
What is (2 - 1) + -3 + 2 + -4?
-4
What is 0 + -3 + (-7 + 5 - -2)?
-3
What is (9 - 2) + -3 + -7 + -2?
-5
(4 - (1 + -2)) + 24 + -24
5
Calculate 9 + 6 + -16 + 0.
-1
-9 - (2 + 12 + -6 + -10)
-7
Calculate -4 - (-6 + 5) - -5.
2
What is the value of (2 - (1 + (2 - 2))) + 0?
1
What is (6 - 3) + (-3 - (-5 - 2))?
7
What is 19 - 14 - (1 - -3)?
1
What is (-1 - -1 - 0) + 4 + -5?
-1
4 - (-7 - -8) - -3 - 12
-6
What is the value of 1 + -3 + 4 - (2 - 1)?
1
Evaluate -3 + -3 + (9 - (-2 + 4)).
1
What is (-5 - (0 + 1)) + 349 + -348?
-5
What is the value of 0 - (0 + 0) - (11 + -9)?
-2
-2 - (-4 + 5 - (-2 + 4))
-1
(-4 - (6 - 9)) + (-3 - 0)
-4
Evaluate -6 + (-11 - -5) + 9.
-3
-3 + 9 + -1 + 2 + -5
2
What is 10 - (9 + (-4 - -7))?
-2
Calculate (1 - (-2 - 5)) + -8.
0
Evaluate 5 + -12 - 5 - (-5 - 1).
-6
What is 3 + (4 - -1) + (5 - 4)?
9
What is (-1 + 9 - 9 - -7) + -10?
-4
Evaluate 0 + 4 + (-6 - -3) + -2.
-1
Calculate (14 - 6) + (4 - (10 + -1)).
3
What is 7 - (-13 + 11 + 1)?
8
2 - ((3 - -3) + 3 + -2)
-5
Calculate -1 + 0 + (-2 - 1) + 4.
0
What is -2 + 4 + 1 + (10 - 12)?
1
-6 - -1 - (-4 - (0 - 1))
-2
(4 - (0 - -8 - 6)) + -4
-2
What is the value of 0 + 1 + (-6 - -3) + 1?
-1
Evaluate (-13 - -11) + 13 - 3.
8
Calculate -4 + 1 - (7 + -2 - 6).
-2
Evaluate (-5 - -3) + 2 + 4 + 3.
7
What is the value of -21 - (-1 + -9) - -3?
-8
What is the value of 3 + (-14 - -5) - -1?
-5
Calculate -2 + (3 - (3 + -5)).
3
Calculate (38 - 22) + 5 + -12.
9
What is the value of (-1 - 0 - -2) + -1?
0
What is the value of -1 + (5 - (3 - 2))?
3
0 + 1 + (6 - -3) - 2
8
What is 2 + -7 + 7 + -9 + -2?
-9
Evaluate 3 + 0 + (-2 + -6 - -10).
5
What is 0 + -4 + -2 - (18 + -22)?
-2
Calculate -1 - 0 - 0 - (-37 + 32).
4
Calculate 5 + 0 - 1 - 1.
3
Calculate 1 + 8 + (6 - 12).
3
What is the value of 5 - (-3 + (-1 + 2 - -4))?
3
Evaluate -7 + (18 - 25) + -1 + 5.
-10
Evaluate -15 + 11 + (-9 - -3).
-10
Calculate (1 - (-4 + 0)) + -3.
2
Calculate -1 - -6 - (-8 - -11).
2
What is the value of (11 - (0 - -7)) + 0?
4
Calculate -3 + 3 - -4 - (-2 - -6).
0
Evaluate -4 + 3 + (-6 - -3).
-4
What is the value of 0 - -2 - (10 + -5)?
-3
1 - (8 + (-5 - 1))
-1
What is the value of 11 + -17 + 12 + 1?
7
What is (1 - -3) + (-5 - 1)?
-2
Calculate 2 + (5 - (-4 - -1 - -5)).
5
Evaluate -7 - (-6 - 2 - (1 - 4)).
-2
Evaluate -5 + (3 - (6 - 5)).
-3
-28 - -33 - (7 + 1 + -4)
1
Calculate -1 + 0 - -4 - (2 - -6).
-5
What is the value of -9 + 2 + 4 + 0?
-3
What is (0 - -1) + (6 - 1) + -6?
0
Calculate (-10 - (-5 - 4)) + 10.
9
What is 2 + 0 + 1 + 5 - 3?
5
What is the value of 7 - (5 - -4) - (-3 + -2)?
3
-7 - (8 - (0 - -12))
-3
Calculate (0 - -4) + (-4 - -4 - 6).
-2
What is the value of -1 + 11 + 27 + -37?
0
Evaluate (-2 - -3) + -2 + 3 + 0.
2
What is (-10 + 4 - -1) + 8?
3
Calculate (-4 - (-7 + -2 + 4)) + -5.
-4
What is the value of (8 - (3 - 0) - 11) + 8?
2
What is the value of 7 + -4 + (1 - (1 + 1))?
2
Calculate 4 + 1 - (-4 - -6).
3
Calculate 1 - 0 - (7 - 8).
2
What is the value of -9 + 0 - 7 - -9?
-7
-2 + (-4 - 0) + 5
-1
Evaluate 10 + 0 + -4 + 0.
6
Calculate (-21 - -24) + (-3 + 2 - 3).
-1
Evaluate (-2 + -3 - 3 - -1) + 4.
-3
Evaluate -5 - -9 - 2 - (-9 - -4).
7
Evaluate 4 - 1 - 5 - -6 - 9.
-5
What is (3 - (3 - -2)) + (-4 - -5)?
-1
Evaluate 2 - (0 + -2 + 3 + -2).
3
What is 78 - 77 - (-1 + 0 - -1)?
1
What is 4 + -7 + 5 - (2 + 0)?
0
Evaluate -7 - (-6 + 0 - -4).
-5
4 - 15 - (-14 + 2 - -6)
-5
What is -2 + 1 + (1 - -2) + -6?
-4
What is -3 + (-10 - -6) - -12?
5
5 + (6 - 5 - 6 - 5)
-5
What is (2 + 0 - (7 + 9)) + 7?
-7
Evaluate (1 - 3) + 6 - 4.
0
Evaluate 0 + 0 + -5 + 12 + -2.
5
What is 7 + -2 + -2 + -1 + 5?
7
Evaluate 4 - (-6 + 3 - (-5 + -1)).
1
What is the value of -1 + (-2 - 5) + 10?
2
What is the value of -3 + (-2 - (-6 - 1)) - -2?
4
Calculate -48 + 45 + -2 + 0.
-5
0 + (-9 - -7) + (0 - -2)
0
What is the value of -2 + 3 + (2 + -2 - 6)?
-5
Calculate 7 - (7 + (-6 - (-4 - -4))).
6
-5 - -1 - (-27 + 5 + 17)
1
What is the value of (1 - -6) + 4 - 6?
5
-5 + 3 - (1 - -1)
-4
Evaluate 2 + -2 + 8 + -8.
0
What is -1 + 0 - (-1 + -2) - -2?
4
Calculate (0 - -5 - 0) + -3.
2
Evaluate 59 + -56 - (8 - (3 - 1)).
-3
Calculate -3 - -8 - (2 - (3 - 3)).
3
What is 0 - ((8 - 10) + 1)?
1
Evaluate -1 - (0 - -1) - -6.
4
(3 - 4) + 5 - 3
1
Evaluate 1 + 0 - 0 - (-18 - -17).
2
Evaluate 4 + -9 + 9 - (7 - 1).
-2
What is -4 - ((-5 - 4) + 0)?
5
What is -2 - 0 - (-5 + 6 - 4)?
1
-4 - 1 - (-1 + -2)
-2
What is the value of -3 + (6 - 1) - -1?
3
1 + -1 + (0 - -2)
2
Evaluate 3 + (0 + -3 - 5).
-5
What is the value of -1 - 1 - (0 - 0)?
-2
What is 6 - (0 - ((-2 - -3) + 2))?
9
What is the value of -1 + 2 + -3 - 1 - -1?
-2
2 + (5 - 13) + -3 + 12
3
What is -6 - ((3 - 2) + -3)?
-4
What is -10 + 1 + 3 - -2?
-4
What is the value of 0 + (-7 + 2 - (-6 - -6))?
-5
What is 2 + (-11 + -1 - -7) - 7?
-10
What is the value of 6 - (4 - -1) - (3 - 5)?
3
13 + -2 - (170 + -155)
-4
Evaluate (-10 - (-3 - 3)) + 6.
2
What is the value of (-3 - (-2 + 0)) + -4 + 1?
-4
(3 - (13 - 5)) + 1 + 1
-3
Evaluate (5 - 2) + -1 + -6.
-4
Evaluate 2 - (10 + -10 + 1).
1
What is the value of 216 + -213 + (0 - (0 - -5))?
-2
2 + -1 + (2 - (9 + -2))
-4
Calculate 17 + -7 - ((12 - 1) + -5).
4
Calculate -3 + (12 + 3 - 6).
6
What is the value of (-1 - -7 - 7) + 10?
9
What is the value of 1 - (-8 - -6 - (-5 + -1))?
-3
What is -2 + -4 + 4 + (1 - -1)?
0
Evaluate -13 + 0 - (-32 - -23).
-4
2 - (12 + -10 - -4)
-4
Evaluate -6 + 2 - ((-1 - -4) + -2).
-5
What is the value of (4 - (0 + -2)) + -6 + 2?
2
What is the value of -4 - (-4 - 6) - 3?
3
0 + -1 + (-6 - -10) + 0
3
What is the value of (-1 - -3) + 1 + (-3 - 0)?
0
0 - (-1 - 3 - -11)
-7
(-193 - -197) + (0 - 8)
-4
-5 + 1 + (-6 - (-4 - 4))
-2
105 - 99 - (1 + (-1 - 0))
6
What is the value of (-13 - -24) + -6 - 15?
-10
Calculate (-1 - 1 - 0) + -27 + 30.
1
Calculate 1 - 0 - 0 - (-75 - -74).
2
Evaluate 5 + -10 + 5 + 2.
2
Evaluate 5 + (-14 - -5) + 7.
3
-4 + 9 + -1 - 4
0
Calculate -6 - -4 - (-1 + 2).
-3
(-2 - 0) + 7 + (-5 - -1)
1
What is the value of -17 + (-11 - -13) + 11?
-4
Evaluate 0 + 1 + (-5 - -4) + -2.
-2
Evaluate (8 - 2) + -10 + 1.
-3
What is (-2 + 0 - -3) + 20 + -13?
8
Evaluate -7 + -4 + 4 + 18 + -16.
-5
Calculate (3 - 3) + -2 - -2.
0
Calculate -19 + -2 + -1 + 14.
-8
What is the value of 4 - (2 - (3 - -2) - -5)?
2
-4 + -4 + 3 + 1 + -1
-5
Calculate 4 - 5 - (-13 + (13 - 7)).
6
Calculate 2 + -1 + -3 + -2 + 3.
-1
-7 + 0 + 5 - -3 - 0
1
Calculate -3 + (0 - (2 - 3)).
-2
What is the value of 2 + -9 - (3 - 7) - -1?
-2